{"id":626,"date":"2018-01-22T11:36:49","date_gmt":"2018-01-22T10:36:49","guid":{"rendered":"https:\/\/sapphire-eqiom.com\/?page_id=626"},"modified":"2018-01-22T11:57:32","modified_gmt":"2018-01-22T10:57:32","slug":"mentions-legales","status":"publish","type":"page","link":"https:\/\/sapphire-eqiom.com\/index.php\/mentions-legales\/","title":{"rendered":"MENTIONS L\u00c9GALES"},"content":{"rendered":"<p>[et_pb_section admin_label=\u00a0\u00bbsection\u00a0\u00bb][et_pb_row admin_label=\u00a0\u00bbrow\u00a0\u00bb][et_pb_column type=\u00a0\u00bb4_4&Prime;][et_pb_text admin_label=\u00a0\u00bbTexte\u00a0\u00bb background_layout=\u00a0\u00bblight\u00a0\u00bb text_orientation=\u00a0\u00bbleft\u00a0\u00bb use_border_color=\u00a0\u00bboff\u00a0\u00bb border_color=\u00a0\u00bb#ffffff\u00a0\u00bb border_style=\u00a0\u00bbsolid\u00a0\u00bb]<\/p>\n<p><strong><span style=\"color: #0086c9;\">Pr\u00e9sentation du propri\u00e9taire<\/span><br \/>\n<\/strong>Le pr\u00e9sent \u00ab Site \u00bb est la propri\u00e9t\u00e9 de la soci\u00e9t\u00e9 EQIOM, Soci\u00e9t\u00e9 par Actions Simplifi\u00e9e au capital de 96 971 325 \u20ac, dont le si\u00e8ge social est situ\u00e9 \u00e0 Levallois (F-92593) au 49 avenue Georges Pompidou, immatricul\u00e9e au RCS de Nanterre sous le num\u00e9ro 377 917 067 et repr\u00e9sent\u00e9e par M. Roberto Huet.<\/p>\n<p><span style=\"color: #0086c9;\"><strong>Directeur de la publication :<\/strong><\/span>\u00a0M. Roberto Huet<br \/>\n<span style=\"color: #0086c9;\"><strong>Contact presse\u00a0<\/strong> <strong>:<\/strong><\/span>\u00a0Elisabeth Latapie<br \/>\n<strong><span style=\"color: #0086c9;\">T\u00e9l\u00e9phone\u00a0<\/span><\/strong><span style=\"color: #0086c9;\"><strong>:<\/strong><\/span> +33 1 41 06 11 07<br \/>\n<span style=\"color: #0086c9;\"><strong>H\u00e9bergement\u00a0<\/strong><strong>:<\/strong><\/span> OVH, SAS au capital de 10\u00a0069\u00a0020\u20ac<br \/>\n2 rue Kellermann, 59100 Roubaix.<\/p>\n<p><span style=\"color: #0086c9;\"><strong>Cr\u00e9dits photos\u00a0: <\/strong><\/span>EQIOM et FOTOLIA.<\/p>\n<p><strong><span style=\"color: #0086c9;\">Conditions G\u00e9n\u00e9rales d&rsquo;Utilisation du \u00ab Site \u00bb<\/span><br \/>\n<\/strong>En utilisant le pr\u00e9sent \u00ab Site \u00bb, l&rsquo;utilisateur accepte express\u00e9ment les mentions l\u00e9gales.<\/p>\n<p><strong><span style=\"color: #0086c9;\">Donn\u00e9es personnelles<\/span><br \/>\n<\/strong>\u00ab EQIOM \u00bb collecte des informations au moyen des formulaires de demande d&rsquo;informations disponibles sur le \u00ab Site \u00bb. \u00ab EQIOM \u00bb se r\u00e9serve \u00e9galement le droit de collecter des \u00ab donn\u00e9es personnelles \u00bb sur l&rsquo;utilisateur qu\u2019il aura communiqu\u00e9 lui-m\u00eame ou en ayant notamment recours \u00e0 l&rsquo;utilisation de cookies. Ces donn\u00e9es dites personnelles porteront notamment sur la qualit\u00e9 de l\u2019utilisateur (particulier\/professionnel), nom, pr\u00e9nom, courriel, adresse, num\u00e9ro de t\u00e9l\u00e9phone.<br \/>\n\u00ab EQIOM \u00bb peut \u00eatre amen\u00e9 \u00e0 utiliser ces \u00ab donn\u00e9es personnelles \u00bb \u00e0 des fins commerciales ou marketing. La diffusion de ces \u00ab donn\u00e9es personnelles \u00bb se limitera aux soci\u00e9t\u00e9s du groupe EQIOM.<br \/>\n\u00ab EQIOM \u00bb s\u2019engage \u00e0 prendre toutes les mesures n\u00e9cessaires et pr\u00e9cautions d\u2019usage pour la protection et la confidentialit\u00e9 des \u00ab donn\u00e9es personnelles \u00bb. A ce titre, le fichier de collecte des informations ne pourra en aucun cas faire l\u2019objet d\u2019une cession ou d\u2019un transfert \u00e0 une soci\u00e9t\u00e9 tierce au groupe EQIOM, quelle que soit la forme de la cession ou du transfert.<br \/>\n\u00ab EQIOM \u00bb s&rsquo;engage \u00e0 ne pas conserver les \u00ab donn\u00e9es personnelles \u00bb au-del\u00e0 d\u2019un d\u00e9lai de 3 (trois) ans \u00e0 compter de la fin de la relation commerciale.<br \/>\nConform\u00e9ment \u00e0 la loi Informatique et Libert\u00e9s du 6 janvier 1978 modifi\u00e9e, l&rsquo;Utilisateur dispose d&rsquo;un droit d&rsquo;acc\u00e8s, de modification, de rectification et d\u2019opposition des \u00ab donn\u00e9es personnelles \u00bb le concernant, en \u00e9crivant \u00e0 la Direction de la Construction Durable, avec copie de sa carte d\u2019identit\u00e9 \u00e0 l&rsquo;adresse suivante : EQIOM \u2013 Direction de la Construction Durable \u2013 49 avenue Georges Pompidou \u2013 92593 Levallois-Perret Cedex.<\/p>\n<p><strong><span style=\"color: #0086c9;\">Propri\u00e9t\u00e9 intellectuelle<\/span><br \/>\n<\/strong>\u00ab EQIOM \u00bb avise les utilisateurs que les \u00e9l\u00e9ments de ce site sont prot\u00e9g\u00e9s par la l\u00e9gislation sur le droit d&rsquo;auteur (notamment photographies, articles, s\u00e9quences anim\u00e9es, etc.) ou par la l\u00e9gislation sur les marques. Les \u00e9l\u00e9ments ainsi prot\u00e9g\u00e9s sont la propri\u00e9t\u00e9 d&rsquo;\u00ab EQIOM \u00bb ou de tiers ayant autoris\u00e9 \u00ab EQIOM \u00bb \u00e0 les exploiter.<br \/>\nA ce titre, toute reproduction, repr\u00e9sentation, utilisation, adaptation, modification, incorporation, traduction, commercialisation, partielles ou int\u00e9grales de ces \u00e9l\u00e9ments, sans l&rsquo;autorisation \u00e9crite pr\u00e9alable d&rsquo; \u00ab EQIOM \u00bb est interdite, sous peine de constituer un d\u00e9lit de contrefa\u00e7on de droit d&rsquo;auteur au sens des articles L. 335-3 et suivants du Code de la Propri\u00e9t\u00e9 Intellectuelle et\/ou de marque au sens des articles L. 713-2 du Code de la Propri\u00e9t\u00e9 Intellectuelle, puni de trois ans d&#8217;emprisonnement et de 300 000 euros d&rsquo;amende.<\/p>\n<p><strong><span style=\"color: #0086c9;\">Liens hypertextes<\/span><br \/>\n<\/strong>La mise en place d&rsquo;un lien hypertexte vers le \u00ab Site \u00bb n\u00e9cessite une autorisation pr\u00e9alable et \u00e9crite d&rsquo;\u00ab EQIOM \u00bb \u00e0 l\u2019adresse suivante : EQIOM \u2013 Direction de la Construction Durable \u2013 49 avenue Georges Pompidou \u2013 92593 Levallois-Perret Cedex.<br \/>\nCette demande \u00e9crite devra contenir l\u2019adresse de la page sur laquelle figurera le lien hypertexte. Les dispositions contractuelles suite \u00e0 la mise en place du lien hypertexte seront d\u00e9finis au pr\u00e9alable par les parties.<br \/>\nTout lien non autoris\u00e9 devra \u00eatre retir\u00e9 sur simple demande d&rsquo; \u00ab EQIOM \u00bb, sans pr\u00e9judice de tous dommages-int\u00e9r\u00eats susceptibles d\u2019\u00eatre r\u00e9clam\u00e9s. \u00ab EQIOM \u00bb ne sera en aucun cas tenue responsable du contenu ainsi que des produits ou services pour lesquels elle serait identifi\u00e9e par des liens hypertextes. Il en sera de m\u00eame pour les liens hypertextes externes \u00e9mis par le site dans la mesure o\u00f9 elle ne peut en garantir la fiabilit\u00e9.<br \/>\nLe pr\u00e9sent \u00ab Site \u00bb peut contenir des liens hypertextes redirigeant aussi bien vers des sites internes au Groupe EQIOM ou des sites externes.<\/p>\n<p><span style=\"color: #0086c9;\"><strong>\u00a0<\/strong><\/span><strong><span style=\"color: #0086c9;\">D\u00e9finition des termes<\/span><br \/>\n<\/strong>\u00ab Site \u00bb : d\u00e9signe le site\u00a0https:\/\/sapphire-eqiom.com\/<br \/>\n\u00ab EQIOM \u00bb : EQIOM<br \/>\n\u00ab donn\u00e9es personnelles \u00bb : d\u00e9signe les informations communiqu\u00e9es par l\u2019utilisateur et les informations obtenues par le biais des cookies.<\/p>\n<p>[\/et_pb_text][\/et_pb_column][\/et_pb_row][\/et_pb_section]<\/p>\n","protected":false},"excerpt":{"rendered":"<p>[et_pb_section admin_label=\u00a0\u00bbsection\u00a0\u00bb][et_pb_row admin_label=\u00a0\u00bbrow\u00a0\u00bb][et_pb_column type=\u00a0\u00bb4_4&Prime;][et_pb_text admin_label=\u00a0\u00bbTexte\u00a0\u00bb background_layout=\u00a0\u00bblight\u00a0\u00bb text_orientation=\u00a0\u00bbleft\u00a0\u00bb use_border_color=\u00a0\u00bboff\u00a0\u00bb border_color=\u00a0\u00bb#ffffff\u00a0\u00bb border_style=\u00a0\u00bbsolid\u00a0\u00bb] Pr\u00e9sentation du propri\u00e9taire Le pr\u00e9sent \u00ab Site \u00bb est la propri\u00e9t\u00e9 de la soci\u00e9t\u00e9 EQIOM, Soci\u00e9t\u00e9 par Actions Simplifi\u00e9e au capital de 96 971 325 \u20ac, dont le si\u00e8ge social est situ\u00e9 \u00e0 Levallois (F-92593) au 49 avenue Georges Pompidou, immatricul\u00e9e au RCS de Nanterre [&hellip;]<\/p>\n","protected":false},"author":4,"featured_media":0,"parent":0,"menu_order":0,"comment_status":"closed","ping_status":"closed","template":"","meta":{"inline_featured_image":false,"footnotes":""},"class_list":["post-626","page","type-page","status-publish","hentry"],"_links":{"self":[{"href":"https:\/\/sapphire-eqiom.com\/index.php\/wp-json\/wp\/v2\/pages\/626","targetHints":{"allow":["GET"]}}],"collection":[{"href":"https:\/\/sapphire-eqiom.com\/index.php\/wp-json\/wp\/v2\/pages"}],"about":[{"href":"https:\/\/sapphire-eqiom.com\/index.php\/wp-json\/wp\/v2\/types\/page"}],"author":[{"embeddable":true,"href":"https:\/\/sapphire-eqiom.com\/index.php\/wp-json\/wp\/v2\/users\/4"}],"replies":[{"embeddable":true,"href":"https:\/\/sapphire-eqiom.com\/index.php\/wp-json\/wp\/v2\/comments?post=626"}],"version-history":[{"count":4,"href":"https:\/\/sapphire-eqiom.com\/index.php\/wp-json\/wp\/v2\/pages\/626\/revisions"}],"predecessor-version":[{"id":635,"href":"https:\/\/sapphire-eqiom.com\/index.php\/wp-json\/wp\/v2\/pages\/626\/revisions\/635"}],"wp:attachment":[{"href":"https:\/\/sapphire-eqiom.com\/index.php\/wp-json\/wp\/v2\/media?parent=626"}],"curies":[{"name":"wp","href":"https:\/\/api.w.org\/{rel}","templated":true}]}}